base 2) in base 10?
-144
What is -2 (base 6) in base 5?
-2
What is -12 (base 7) in base 13?
-9
What is 23 (base 8) in base 12?
17
Convert 12 (base 11) to base 2.
1101
2b (base 13) to base 8
45
Convert -6 (base 7) to base 5.
-11
4 (base 14) to base 11
4
1 (base 3) to base 7
1
What is 102 (base 3) in base 4?
23
12 (base 5) to base 9
7
1 (base 16) to base 5
1
Convert 5 (base 6) to base 14.
5
Convert -1 (base 13) to base 14.
-1
110100 (base 2) to base 15
37
200 (base 6) to base 9
80
Convert -1 (base 12) to base 14.
-1
What is 12 (base 8) in base 3?
101
Convert -1000 (base 2) to base 16.
-8
Convert -6 (base 9) to base 13.
-6
What is -dd (base 14) in base 2?
-11000011
Convert -ae (base 15) to base 6.
-432
-1001 (base 3) to base 4
-130
33 (base 4) to base 14
11
What is -132 (base 16) in base 3?
-102100
-7 (base 11) to base 16
-7
What is -76 (base 10) in base 5?
-301
What is 11 (base 4) in base 15?
5
Convert 111 (base 3) to base 15.
d
-3 (base 16) to base 15
-3
Convert 2a (base 12) to base 13.
28
0 (base 8) to base 13
0
What is -22 (base 5) in base 3?
-110
What is -6 (base 8) in base 2?
-110
What is 2 (base 9) in base 8?
2
-2 (base 5) to base 6
-2
What is -154 (base 6) in base 14?
-50
-125 (base 6) to base 10
-53
Convert -1c3 (base 14) to base 4.
-11233
What is -4 (base 7) in base 12?
-4
Convert 5 (base 11) to base 8.
5
Convert 128 (base 11) to base 12.
107
What is 25 (base 9) in base 8?
27
-24 (base 16) to base 6
-100
-13 (base 11) to base 2
-1110
What is -1010 (base 2) in base 7?
-13
Convert -110100 (base 2) to base 7.
-103
Convert -5 (base 9) to base 5.
-10
What is -25 (base 8) in base 2?
-10101
What is 111 (base 3) in base 16?
d
Convert -23 (base 5) to base 3.
-111
What is -10 (base 8) in base 11?
-8
-193 (base 13) to base 14
-169
What is 3 (base 9) in base 6?
3
Convert 63 (base 10) to base 9.
70
What is e (base 16) in base 4?
32
7 (base 12) to base 10
7
Convert 1 (base 15) to base 11.
1
What is 5 (base 15) in base 14?
5
-47 (base 8) to base 2
-100111
-2 (base 15) to base 10
-2
What is -31 (base 11) in base 4?
-202
6 (base 14) to base 16
6
What is 3 (base 10) in base 15?
3
Convert c (base 14) to base 8.
14
-11000 (base 2) to base 11
-22
-213 (base 13) to base 12
-256
Convert 1b (base 12) to base 8.
27
1 (base 14) to base 9
1
What is 3 (base 13) in base 10?
3
What is 101 (base 3) in base 9?
11
83 (base 12) to base 3
10200
-c2 (base 16) to base 11
-167
What is 22 (base 14) in base 8?
36
What is 21 (base 7) in base 16?
f
221 (base 5) to base 3
2021
-3 (base 10) to base 6
-3
-4 (base 7) to base 10
-4
What is -13 (base 5) in base 2?
-1000
What is 10 (base 4) in base 6?
4
-12b (base 13) to base 8
-316
What is 4 (base 12) in base 10?
4
What is 198 (base 13) in base 5?
2134
Convert 23 (base 8) to base 12.
17
Convert 3a (base 13) to base 16.
31
What is 1 (base 2) in base 8?
1
Convert 3 (base 7) to base 4.
3
-206 (base 13) to base 4
-11120
Convert -212 (base 6) to base 2.
-1010000
Convert 22 (base 7) to base 4.
100
-334 (base 6) to base 7
-244
-15 (base 6) to base 9
-12
What is 4 (base 12) in base 15?
4
Convert 8 (base 14) to base 9.
8
Convert 6 (base 15) to base 16.
6
Convert 56 (base 12) to base 6.
150
-22 (base 3) to base 6
-12
-29b (base 12) to base 9
-502
What is -2 (base 16) in base 8?
-2
Convert 5 (base 6) to base 10.
5
343 (base 9) to base 12
1b6
-120 (base 3) to base 7
-21
202 (base 6) to base 15
4e
Convert 1000111 (base 2) to base 7.
131
Convert 4 (base 7) to base 4.
10
What is 1 (base 2) in base 14?
1
Convert 44 (base 12) to base 11.
48
Convert 50 (base 8) to base 11.
37
What is 1 (base 7) in base 13?
1
Convert -31 (base 8) to base 15.
-1a
59 (base 14) to base 3
2221
Convert 23 (base 8) to base 10.
19
What is 19 (base 11) in base 4?
110
-1 (base 2) to base 14
-1
What is 2c (base 16) in base 10?
44
What is -5 (base 9) in base 11?
-5
10120 (base 3) to base 8
140
What is -4 (base 9) in base 14?
-4
What is -20 (base 3) in base 4?
-12
What is 5 (base 7) in base 2?
101
-11010 (base 2) to base 14
-1c
Convert -2 (base 14) to base 4.
-2
2 (base 14) to base 5
2
What is -25 (base 12) in base 16?
-1d
Convert 3 (base 8) to base 11.
3
Convert -1 (base 6) to base 3.
-1
0 (base 2) to base 16
0
What is -12 (base 5) in base 9?
-7
Convert -4 (base 8) to base 11.
-4
Convert -3 (base 15) to base 5.
-3
c (base 15) to base 3
110
What is -6 (base 11) in base 16?
-6
113 (base 7) to base 9
65
Convert -254 (base 6) to base 4.
-1222
Convert 4 (base 16) to base 13.
4
Convert -53 (base 14) to base 12.
-61
-195 (base 11) to base 16
-e1
What is 3 (base 11) in base 13?
3
What is -9 (base 12) in base 16?
-9
Convert -30 (base 4) to base 15.
-c
Convert 220 (base 13) to base 14.
1c0
-1 (base 14) to base 13
-1
13 (base 15) to base 2
10010
What is 31 (base 12) in base 4?
211
What is -12 (base 7) in base 2?
-1001
What is -111000 (base 2) in base 8?
-70
110 (base 3) to base 14
c
-13 (base 10) to base 4
-31
What is -8 (base 11) in base 16?
-8
What is 30 (base 11) in base 7?
45
-5 (base 6) to base 3
-12
Convert 11 (base 10) to base 11.
10
6 (base 13) to base 16
6
113 (base 4) to base 16
17
-101 (base 2) to base 15
-5
What is 0 (base 10) in base 5?
0
Convert 22 (base 14) to base 15.
20
-1002 (base 6) to base 16
-da
4 (base 10) to base 11
4
Convert 22 (base 3) to base 10.
8
1 (base 15) to base 9
1
Convert -16 (base 12) to base 10.
-18
Convert 11010 (base 2) to base 15.
1b
Convert 6 (base 7) to base 8.
6
What is 79 (base 13) in base 3?
10201
-2 (base 12) to base 3
-2
Convert -2 (base 11) to base 13.
-2
Convert 1c (base 16) to base 5.
103
3 (base 15) to base 14
3
Convert 216 (base 7) to base 5.
421
-11130 (base 4) to base 10
-348
232 (base 4) to base 9
51
What is 12 (base 13) in base 2?
1111
-1 (base 9) to base 5
-1
Convert -34 (base 5) to base 8.
-23
Convert 172 (base 9) to base 5.
1041
What is -21 (base 6) in base 10?
-13
What is 28 (base 15) in base 4?
212
21 (base 12) to base 7
34
-1 (base 3) to base 2
-1
What is 1 (base 2) in base 11?
1
-11 (base 3) to base 14
-4
What is 3 (base 10) in base 15?
3
Convert -3 (base 12) to base 3.
-10
What is 4 (base 8) in base 10?
4
Convert a (base 13) to base 9.
11
What is -4 (base 9) in base 12?
-4
What is -8 (base 11) in base 6?
-12
What is 4 (base 15) in base 5?
4
What is -61 (base 8) in base 6?
-121
100 (base 7) to base 16
31
-31 (base 7) to base 13
-19
What is 1413 (base 6) in base 10?
369
Convert -83 (base 15) to base 2.
-1111011
-1 (base 3) to base 10
-1
What is -4 (base 5) in base 10?
-4
9 (base 12) to base 13
9
What is 45 (base 13) in base 15?
3c
What is 2 (base 3) in base 5?
2
What is 16 (base 13) in base 12?
17
Convert 10 (base 9) to base 2.
1001
Convert -2111 (base 3) to base 7.
-124
What is -1 (base 12) in base 10?
-1
0 (base 13) to base 9
0
Convert -3 (base 16) to base 11.
-3
-301 (base 6) to base 16
-6d
Convert 0 (base 10) to base 3.
0
Convert 22 (base 4) to base 16.
a
7 (base 14) to base 9
7
What is 0 (base 8) in base 7?
0
Convert 3 (base 12) to base 16.
3
-a (base 15) to base 10
-10
What is -9 (base 12) in base 4?
-21
What is 13 (base 10) in base 12?
11
-10000100 (base 2) to base 4
-2010
Convert 3 (base 9) to base 16.
3
What is 1 (base 10) in base 3?
1
Convert 19 (base 12) to base 15.
16
What is 40 (base 5) in base 7?
26
What is 20 (base 10) in base 7?
26
What is 1 (base 4) in base 15?
1
What is 326 (base 9) in base 6?
1123
123 (base 12) to base 16
ab
-1 (base 16) to base 8
-1
What is -30 (base 4) in base 7?
-15
What is -1 (base 11) in base 15?
-1
What is 3 (base 9) in base 8?
3
131 (base 9) to base 6
301
Convert 1010001 (base 2) to base 5.
311
What is -3 (base 7) in base 3?
-10
2 (base 5) to base 15
2
What is 1 (base 16) in base 2?
1
Convert 8 (base 9) to base 12.
8
Convert -6 (base 11) to base 15.
-6
Convert 11 (base 7) to base 11.
8
-4 (base 14) to base 8
-4
What is 2 (base 11) in base 2?
10
Convert -5 (base 13) to base 14.
-5
What is -16 (base 12) in base 9?
-20
What is -51 (base 15) in base 3?
-2211
Convert 201 (base 3) to base 2.
10011
4 (base 15) to base 14
4
Convert -1 (base 7) to base 9.
-1
What is -1 (base 9) in base 5?
-1
What is -2c (base 14) in base 8?
-50
What is 3c (base 13) in base 11?
47
Convert -1 (base 13) to base 9.
-1
What is -8 (base 16) in base 4?
-20
What is 2 (base 3) in base 12?
2
What is 48 (base 9) in base